{"id":117,"date":"2023-04-12T21:37:15","date_gmt":"2023-04-12T19:37:15","guid":{"rendered":"https:\/\/rectificadoscuevas.com\/?page_id=117"},"modified":"2024-04-10T14:58:56","modified_gmt":"2024-04-10T12:58:56","slug":"reparacion-ciguenales","status":"publish","type":"page","link":"https:\/\/rectificadoscuevas.com\/?page_id=117","title":{"rendered":"Reparaci\u00f3n cig\u00fce\u00f1ales"},"content":{"rendered":"\n<div style=\"height:50px\" aria-hidden=\"true\" class=\"wp-block-spacer\"><\/div>\n\n\n\n<h2 class=\"wp-block-heading has-text-align-center has-black-color has-text-color has-link-color wp-elements-a7cfc14885ebf6535022a29f2f0a45ab\" style=\"font-size:36px\">Disponemos de las mejores herramientas para el arreglo de cig\u00fce\u00f1ales<\/h2>\n\n\n\n<hr class=\"wp-block-separator has-alpha-channel-opacity\"\/>\n\n\n\n<ul class=\"wp-block-list\">\n<li style=\"font-size:26px\">Rectificado y mecanizado de cig\u00fce\u00f1al y tambi\u00e9n zona de retenes.<\/li>\n\n\n\n<li style=\"font-size:26px\">Reconstrucci\u00f3n y alineado de bielas.<\/li>\n\n\n\n<li style=\"font-size:26px\">Servicio de detecci\u00f3n de fisuras.<\/li>\n<\/ul>\n\n\n\n<hr class=\"wp-block-separator has-alpha-channel-opacity\"\/>\n\n\n\n<div class=\"wp-block-columns is-layout-flex wp-container-core-columns-is-layout-9d6595d7 wp-block-columns-is-layout-flex\">\n<div class=\"wp-block-column is-layout-flow wp-block-column-is-layout-flow\"><div class=\"wp-block-image\">\n<figure class=\"aligncenter size-full is-resized\"><img loading=\"lazy\" decoding=\"async\" width=\"192\" height=\"300\" src=\"https:\/\/rectificadoscuevas.com\/wp-content\/uploads\/2021\/01\/bielas.png\" alt=\"\" class=\"wp-image-62\" style=\"aspect-ratio:1;object-fit:cover;width:300px\"\/><\/figure>\n<\/div><\/div>\n\n\n\n<div class=\"wp-block-column is-layout-flow wp-block-column-is-layout-flow\"><div class=\"wp-block-image\">\n<figure class=\"aligncenter size-full is-resized\"><img loading=\"lazy\" decoding=\"async\" width=\"300\" height=\"228\" src=\"https:\/\/rectificadoscuevas.com\/wp-content\/uploads\/2021\/01\/16_Recificadora.png\" alt=\"\" class=\"wp-image-52\" style=\"aspect-ratio:1;object-fit:cover;width:300px\"\/><\/figure>\n<\/div><\/div>\n<\/div>\n","protected":false},"excerpt":{"rendered":"<p>Disponemos de las mejores herramientas para el arreglo de cig\u00fce\u00f1ales<\/p>\n","protected":false},"author":2,"featured_media":0,"parent":0,"menu_order":0,"comment_status":"closed","ping_status":"closed","template":"","meta":{"_regular_price":[],"currency_symbol":[],"om_disable_all_campaigns":false,"_monsterinsights_skip_tracking":false,"_monsterinsights_sitenote_active":false,"_monsterinsights_sitenote_note":"","_monsterinsights_sitenote_category":0,"footnotes":""},"class_list":["post-117","page","type-page","status-publish","hentry"],"post_slider_layout_featured_media_urls":{"thumbnail":"","post_slider_layout_landscape_large":"","post_slider_layout_portrait_large":"","post_slider_layout_square_large":"","post_slider_layout_landscape":"","post_slider_layout_portrait":"","post_slider_layout_square":"","full":""},"yoast_head":"<!-- This site is optimized with the Yoast SEO plugin v22.5 - https:\/\/yoast.com\/wordpress\/plugins\/seo\/ -->\n<title>Reparaci\u00f3n cig\u00fce\u00f1ales - Rectificados Cuevas<\/title>\n<meta name=\"robots\" content=\"index, follow, max-snippet:-1, max-image-preview:large, max-video-preview:-1\" \/>\n<link rel=\"canonical\" href=\"https:\/\/rectificadoscuevas.com\/?page_id=117\" \/>\n<meta property=\"og:locale\" content=\"es_ES\" \/>\n<meta property=\"og:type\" content=\"article\" \/>\n<meta property=\"og:title\" content=\"Reparaci\u00f3n cig\u00fce\u00f1ales - Rectificados Cuevas\" \/>\n<meta property=\"og:description\" content=\"Disponemos de las mejores herramientas para el arreglo de cig\u00fce\u00f1ales\" \/>\n<meta property=\"og:url\" content=\"https:\/\/rectificadoscuevas.com\/?page_id=117\" \/>\n<meta property=\"og:site_name\" content=\"Rectificados Cuevas\" \/>\n<meta property=\"article:modified_time\" content=\"2024-04-10T12:58:56+00:00\" \/>\n<meta property=\"og:image\" content=\"https:\/\/rectificadoscuevas.com\/wp-content\/uploads\/2021\/01\/bielas.png\" \/>\n<meta name=\"twitter:card\" content=\"summary_large_image\" \/>\n<meta name=\"twitter:label1\" content=\"Tiempo de lectura\" \/>\n\t<meta name=\"twitter:data1\" content=\"1 minuto\" \/>\n<script type=\"application\/ld+json\" class=\"yoast-schema-graph\">{\"@context\":\"https:\/\/schema.org\",\"@graph\":[{\"@type\":\"WebPage\",\"@id\":\"https:\/\/rectificadoscuevas.com\/?page_id=117\",\"url\":\"https:\/\/rectificadoscuevas.com\/?page_id=117\",\"name\":\"Reparaci\u00f3n cig\u00fce\u00f1ales - Rectificados Cuevas\",\"isPartOf\":{\"@id\":\"https:\/\/rectificadoscuevas.com\/#website\"},\"primaryImageOfPage\":{\"@id\":\"https:\/\/rectificadoscuevas.com\/?page_id=117#primaryimage\"},\"image\":{\"@id\":\"https:\/\/rectificadoscuevas.com\/?page_id=117#primaryimage\"},\"thumbnailUrl\":\"https:\/\/rectificadoscuevas.com\/wp-content\/uploads\/2021\/01\/bielas.png\",\"datePublished\":\"2023-04-12T19:37:15+00:00\",\"dateModified\":\"2024-04-10T12:58:56+00:00\",\"breadcrumb\":{\"@id\":\"https:\/\/rectificadoscuevas.com\/?page_id=117#breadcrumb\"},\"inLanguage\":\"es\",\"potentialAction\":[{\"@type\":\"ReadAction\",\"target\":[\"https:\/\/rectificadoscuevas.com\/?page_id=117\"]}]},{\"@type\":\"ImageObject\",\"inLanguage\":\"es\",\"@id\":\"https:\/\/rectificadoscuevas.com\/?page_id=117#primaryimage\",\"url\":\"https:\/\/rectificadoscuevas.com\/wp-content\/uploads\/2021\/01\/bielas.png\",\"contentUrl\":\"https:\/\/rectificadoscuevas.com\/wp-content\/uploads\/2021\/01\/bielas.png\",\"width\":192,\"height\":300},{\"@type\":\"BreadcrumbList\",\"@id\":\"https:\/\/rectificadoscuevas.com\/?page_id=117#breadcrumb\",\"itemListElement\":[{\"@type\":\"ListItem\",\"position\":1,\"name\":\"Portada\",\"item\":\"https:\/\/rectificadoscuevas.com\/\"},{\"@type\":\"ListItem\",\"position\":2,\"name\":\"Reparaci\u00f3n cig\u00fce\u00f1ales\"}]},{\"@type\":\"WebSite\",\"@id\":\"https:\/\/rectificadoscuevas.com\/#website\",\"url\":\"https:\/\/rectificadoscuevas.com\/\",\"name\":\"Rectificados Cuevas\",\"description\":\"Motores gasolina y diesel. Recambio y rectificado de motores\",\"publisher\":{\"@id\":\"https:\/\/rectificadoscuevas.com\/#organization\"},\"potentialAction\":[{\"@type\":\"SearchAction\",\"target\":{\"@type\":\"EntryPoint\",\"urlTemplate\":\"https:\/\/rectificadoscuevas.com\/?s={search_term_string}\"},\"query-input\":\"required name=search_term_string\"}],\"inLanguage\":\"es\"},{\"@type\":\"Organization\",\"@id\":\"https:\/\/rectificadoscuevas.com\/#organization\",\"name\":\"Rectificados Cuevas SLU\",\"url\":\"https:\/\/rectificadoscuevas.com\/\",\"logo\":{\"@type\":\"ImageObject\",\"inLanguage\":\"es\",\"@id\":\"https:\/\/rectificadoscuevas.com\/#\/schema\/logo\/image\/\",\"url\":\"https:\/\/rectificadoscuevas.com\/wp-content\/uploads\/2023\/04\/logocuevas.jpg\",\"contentUrl\":\"https:\/\/rectificadoscuevas.com\/wp-content\/uploads\/2023\/04\/logocuevas.jpg\",\"width\":719,\"height\":221,\"caption\":\"Rectificados Cuevas SLU\"},\"image\":{\"@id\":\"https:\/\/rectificadoscuevas.com\/#\/schema\/logo\/image\/\"}}]}<\/script>\n<!-- \/ Yoast SEO plugin. -->","yoast_head_json":{"title":"Reparaci\u00f3n cig\u00fce\u00f1ales - Rectificados Cuevas","robots":{"index":"index","follow":"follow","max-snippet":"max-snippet:-1","max-image-preview":"max-image-preview:large","max-video-preview":"max-video-preview:-1"},"canonical":"https:\/\/rectificadoscuevas.com\/?page_id=117","og_locale":"es_ES","og_type":"article","og_title":"Reparaci\u00f3n cig\u00fce\u00f1ales - Rectificados Cuevas","og_description":"Disponemos de las mejores herramientas para el arreglo de cig\u00fce\u00f1ales","og_url":"https:\/\/rectificadoscuevas.com\/?page_id=117","og_site_name":"Rectificados Cuevas","article_modified_time":"2024-04-10T12:58:56+00:00","og_image":[{"url":"https:\/\/rectificadoscuevas.com\/wp-content\/uploads\/2021\/01\/bielas.png"}],"twitter_card":"summary_large_image","twitter_misc":{"Tiempo de lectura":"1 minuto"},"schema":{"@context":"https:\/\/schema.org","@graph":[{"@type":"WebPage","@id":"https:\/\/rectificadoscuevas.com\/?page_id=117","url":"https:\/\/rectificadoscuevas.com\/?page_id=117","name":"Reparaci\u00f3n cig\u00fce\u00f1ales - Rectificados Cuevas","isPartOf":{"@id":"https:\/\/rectificadoscuevas.com\/#website"},"primaryImageOfPage":{"@id":"https:\/\/rectificadoscuevas.com\/?page_id=117#primaryimage"},"image":{"@id":"https:\/\/rectificadoscuevas.com\/?page_id=117#primaryimage"},"thumbnailUrl":"https:\/\/rectificadoscuevas.com\/wp-content\/uploads\/2021\/01\/bielas.png","datePublished":"2023-04-12T19:37:15+00:00","dateModified":"2024-04-10T12:58:56+00:00","breadcrumb":{"@id":"https:\/\/rectificadoscuevas.com\/?page_id=117#breadcrumb"},"inLanguage":"es","potentialAction":[{"@type":"ReadAction","target":["https:\/\/rectificadoscuevas.com\/?page_id=117"]}]},{"@type":"ImageObject","inLanguage":"es","@id":"https:\/\/rectificadoscuevas.com\/?page_id=117#primaryimage","url":"https:\/\/rectificadoscuevas.com\/wp-content\/uploads\/2021\/01\/bielas.png","contentUrl":"https:\/\/rectificadoscuevas.com\/wp-content\/uploads\/2021\/01\/bielas.png","width":192,"height":300},{"@type":"BreadcrumbList","@id":"https:\/\/rectificadoscuevas.com\/?page_id=117#breadcrumb","itemListElement":[{"@type":"ListItem","position":1,"name":"Portada","item":"https:\/\/rectificadoscuevas.com\/"},{"@type":"ListItem","position":2,"name":"Reparaci\u00f3n cig\u00fce\u00f1ales"}]},{"@type":"WebSite","@id":"https:\/\/rectificadoscuevas.com\/#website","url":"https:\/\/rectificadoscuevas.com\/","name":"Rectificados Cuevas","description":"Motores gasolina y diesel. Recambio y rectificado de motores","publisher":{"@id":"https:\/\/rectificadoscuevas.com\/#organization"},"potentialAction":[{"@type":"SearchAction","target":{"@type":"EntryPoint","urlTemplate":"https:\/\/rectificadoscuevas.com\/?s={search_term_string}"},"query-input":"required name=search_term_string"}],"inLanguage":"es"},{"@type":"Organization","@id":"https:\/\/rectificadoscuevas.com\/#organization","name":"Rectificados Cuevas SLU","url":"https:\/\/rectificadoscuevas.com\/","logo":{"@type":"ImageObject","inLanguage":"es","@id":"https:\/\/rectificadoscuevas.com\/#\/schema\/logo\/image\/","url":"https:\/\/rectificadoscuevas.com\/wp-content\/uploads\/2023\/04\/logocuevas.jpg","contentUrl":"https:\/\/rectificadoscuevas.com\/wp-content\/uploads\/2023\/04\/logocuevas.jpg","width":719,"height":221,"caption":"Rectificados Cuevas SLU"},"image":{"@id":"https:\/\/rectificadoscuevas.com\/#\/schema\/logo\/image\/"}}]}},"jetpack_sharing_enabled":true,"_links":{"self":[{"href":"https:\/\/rectificadoscuevas.com\/index.php?rest_route=\/wp\/v2\/pages\/117","targetHints":{"allow":["GET"]}}],"collection":[{"href":"https:\/\/rectificadoscuevas.com\/index.php?rest_route=\/wp\/v2\/pages"}],"about":[{"href":"https:\/\/rectificadoscuevas.com\/index.php?rest_route=\/wp\/v2\/types\/page"}],"author":[{"embeddable":true,"href":"https:\/\/rectificadoscuevas.com\/index.php?rest_route=\/wp\/v2\/users\/2"}],"replies":[{"embeddable":true,"href":"https:\/\/rectificadoscuevas.com\/index.php?rest_route=%2Fwp%2Fv2%2Fcomments&post=117"}],"version-history":[{"count":8,"href":"https:\/\/rectificadoscuevas.com\/index.php?rest_route=\/wp\/v2\/pages\/117\/revisions"}],"predecessor-version":[{"id":428,"href":"https:\/\/rectificadoscuevas.com\/index.php?rest_route=\/wp\/v2\/pages\/117\/revisions\/428"}],"wp:attachment":[{"href":"https:\/\/rectificadoscuevas.com\/index.php?rest_route=%2Fwp%2Fv2%2Fmedia&parent=117"}],"curies":[{"name":"wp","href":"https:\/\/api.w.org\/{rel}","templated":true}]}}